s the remainder when 253 is divided by 75?
28
Calculate the remainder when 198 is divided by 70.
58
What is the remainder when 1492 is divided by 4?
0
Calculate the remainder when 828 is divided by 59.
2
What is the remainder when 613 is divided by 171?
100
Calculate the remainder when 69 is divided by 13.
4
Calculate the remainder when 926 is divided by 117.
107
What is the remainder when 235 is divided by 17?
14
What is the remainder when 156 is divided by 76?
4
Calculate the remainder when 2004 is divided by 667.
3
Calculate the remainder when 757 is divided by 194.
175
What is the remainder when 95 is divided by 30?
5
Calculate the remainder when 451 is divided by 419.
32
Calculate the remainder when 2055 is divided by 21.
18
Calculate the remainder when 547 is divided by 69.
64
Calculate the remainder when 8714 is divided by 15.
14
What is the remainder when 1748 is divided by 533?
149
Calculate the remainder when 287 is divided by 74.
65
What is the remainder when 582 is divided by 15?
12
Calculate the remainder when 94 is divided by 24.
22
What is the remainder when 12240 is divided by 4080?
0
Calculate the remainder when 114 is divided by 9.
6
What is the remainder when 5467 is divided by 10?
7
What is the remainder when 142 is divided by 8?
6
Calculate the remainder when 2918 is divided by 146.
144
Calculate the remainder when 3339 is divided by 19.
14
What is the remainder when 261 is divided by 92?
77
Calculate the remainder when 754 is divided by 59.
46
What is the remainder when 444 is divided by 43?
14
What is the remainder when 1498 is divided by 101?
84
Calculate the remainder when 1469 is divided by 35.
34
What is the remainder when 1629 is divided by 60?
9
What is the remainder when 102 is divided by 13?
11
What is the remainder when 4264 is divided by 79?
77
Calculate the remainder when 1275 is divided by 180.
15
What is the remainder when 12 is divided by 6?
0
Calculate the remainder when 515 is divided by 134.
113
What is the remainder when 194 is divided by 41?
30
What is the remainder when 567 is divided by 267?
33
What is the remainder when 641 is divided by 319?
3
Calculate the remainder when 131 is divided by 66.
65
Calculate the remainder when 17493 is divided by 19.
13
What is the remainder when 134 is divided by 106?
28
What is the remainder when 427 is divided by 5?
2
What is the remainder when 25 is divided by 25?
0
What is the remainder when 10399 is divided by 20?
19
What is the remainder when 136 is divided by 35?
31
Calculate the remainder when 30 is divided by 19.
11
Calculate the remainder when 67 is divided by 30.
7
Calculate the remainder when 10 is divided by 4.
2
What is the remainder when 719 is divided by 140?
19
Calculate the remainder when 35 is divided by 6.
5
Calculate the remainder when 3739 is divided by 55.
54
Calculate the remainder when 133 is divided by 45.
43
Calculate the remainder when 73 is divided by 69.
4
Calculate the remainder when 288 is divided by 101.
86
Calculate the remainder when 668 is divided by 16.
12
What is the remainder when 240 is divided by 240?
0
What is the remainder when 390 is divided by 50?
40
What is the remainder when 4461 is divided by 16?
13
What is the remainder when 514 is divided by 77?
52
What is the remainder when 1331 is divided by 663?
5
Calculate the remainder when 2568 is divided by 638.
16
What is the remainder when 37012 is divided by 93?
91
What is the remainder when 780 is divided by 27?
24
What is the remainder when 82 is divided by 43?
39
Calculate the remainder when 3759 is divided by 291.
267
Calculate the remainder when 146 is divided by 49.
48
Calculate the remainder when 21 is divided by 10.
1
What is the remainder when 600 is divided by 43?
41
What is the remainder when 134 is divided by 116?
18
What is the remainder when 60 is divided by 14?
4
Calculate the remainder when 176 is divided by 15.
11
What is the remainder when 490 is divided by 83?
75
Calculate the remainder when 53989 is divided by 21.
19
What is the remainder when 8588 is divided by 121?
118
Calculate the remainder when 629 is divided by 35.
34
Calculate the remainder when 590 is divided by 280.
30
What is the remainder when 9013 is divided by 184?
181
Calculate the remainder when 3829 is divided by 3826.
3
Calculate the remainder when 1425 is divided by 47.
15
What is the remainder when 61 is divided by 3?
1
What is the remainder when 1325 is divided by 8?
5
What is the remainder when 601 is divided by 14?
13
What is the remainder when 353 is divided by 89?
86
Calculate the remainder when 430 is divided by 27.
25
Calculate the remainder when 130 is divided by 66.
64
Calculate the remainder when 190 is divided by 37.
5
Calculate the remainder when 332 is divided by 15.
2
What is the remainder when 811 is divided by 58?
57
What is the remainder when 160 is divided by 124?
36
What is the remainder when 615 is divided by 158?
141
Calculate the remainder when 155 is divided by 8.
3
Calculate the remainder when 4227 is divided by 65.
2
Calculate the remainder when 1437 is divided by 11.
7
Calculate the remainder when 22763 is divided by 42.
41
Calculate the remainder when 615 is divided by 172.
99
What is the remainder when 49 is divided by 10?
9
What is the remainder when 344 is divided by 48?
8
What is the remainder when 260 is divided by 13?
0
Calculate the remainder when 152 is divided by 26.
22
What is the remainder when 167 is divided by 27?
5
What is the remainder when 2158 is divided by 135?
133
What is the remainder when 677 is divided by 200?
77
Calculate the remainder when 565 is divided by 360.
205
Calculate the remainder when 101 is divided by 22.
13
What is the remainder when 497 is divided by 25?
22
What is the remainder when 48 is divided by 47?
1
Calculate the remainder when 3416 is divided by 15.
11
Calculate the remainder when 98 is divided by 34.
30
What is the remainder when 3828 is divided by 213?
207
Calculate the remainder when 655 is divided by 35.
25
Calculate the remainder when 307 is divided by 122.
63
Calculate the remainder when 120 is divided by 62.
58
Calculate the remainder when 835 is divided by 44.
43
Calculate the remainder when 68 is divided by 48.
20
Calculate the remainder when 3185 is divided by 27.
26
What is the remainder when 15 is divided by 5?
0
What is the remainder when 1888 is divided by 14?
12
What is the remainder when 116 is divided by 48?
20
Calculate the remainder when 182 is divided by 46.
44
What is the remainder when 3020 is divided by 144?
140
What is the remainder when 690 is divided by 115?
0
Calculate the remainder when 196 is divided by 53.
37
Calculate the remainder when 1690 is divided by 73.
11
What is the remainder when 1364 is divided by 114?
110
Calculate the remainder when 456 is divided by 27.
24
Calculate the remainder when 727 is divided by 27.
25
What is the remainder when 243 is divided by 65?
48
Calculate the remainder when 136 is divided by 28.
24
What is the remainder when 633 is divided by 53?
50
Calculate the remainder when 940 is divided by 188.
0
Calculate the remainder when 103 is divided by 12.
7
What is the remainder when 9 is divided by 6?
3
What is the remainder when 140 is divided by 105?
35
What is the remainder when 46 is divided by 28?
18
What is the remainder when 125 is divided by 42?
41
What is the remainder when 131 is divided by 110?
21
Calculate the remainder when 699 is divided by 227.
18
What is the remainder when 701 is divided by 114?
17
Calculate the remainder when 206 is divided by 29.
3
Calculate the remainder when 465 is divided by 33.
3
What is the remainder when 5730 is divided by 28?
18
Calculate the remainder when 224 is divided by 31.
7
What is the remainder when 62 is divided by 21?
20
Calculate the remainder when 1832 is divided by 9.
5
What is the remainder when 280 is divided by 42?
28
Calculate the remainder when 100 is divided by 14.
2
What is the remainder when 1086 is divided by 34?
32
What is the remainder when 7848 is divided by 22?
16
What is the remainder when 224 is divided by 29?
21
What is the remainder when 65 is divided by 18?
11
What is the remainder when 144 is divided by 7?
4
What is the remainder when 508 is divided by 34?
32
Calculate the remainde